 + 2 = -0. Let n(p) = 7*p + 4*p**y - 17*p**3 - 6 + 3*p**2 + 12*p**3. Give n(b).
6
Let u(w) = -25*w**3 + 7*w**2 + 13*w + 6. Let m(z) = 31*z**3 - 9*z**2 - 14*z - 8. Let x(n) = -4*m(n) - 5*u(n). Determine x(-3).
11
Let g = 8 - 4. Let x(z) be the first derivative of -1/4*z**4 - 19 + z**2 + z + z**3. Give x(g).
-7
Let t(n) = -39*n + 109. Let i(m) = -m**2 - 3*m + 24. Let g(z) = i(z) + t(z). Calculate g(-45).
-2
Let k(s) = -2*s - s**2 - 7*s**2 + s**2. Let m be (2/6)/(9/(-27)). What is k(m)?
-5
Let g(b) = -2*b**2 - b - 2. Let u be g(-2). Suppose 123*n + 172 = 127*n. Let q(t) = -15*t + n*t + 2 - 15*t - 11*t. Calculate q(u).
-14
Suppose -4*w - 4*s + 3*s - 372 = 0, 8 = 2*s. Let r = -100 - w. Let n(b) be the first derivative of -b**4/4 - 2*b**3 - b**2/2 - 5*b - 2. What is n(r)?
1
Let f(g) = -47*g**2 + 8*g**2 + 12*g**3 - 7 - g + 2*g - 2*g + 4*g**2. Calculate f(3).
-1
Suppose f = -5, -160*o = -155*o + 2*f + 70. Let a(q) = -q**2 - 18*q - 74. Determine a(o).
-2
Let g(a) = -133 + 130 + 3*a**3 - 4*a**3 - 3*a + 4*a**2. Let v = 101 - 17. Let x = 87 - v. Determine g(x).
-3
Let w(c) = -c**2. Let q = -689 + 690. Let d(a) = -7*a - 4. Let x(p) = q*w(p) - d(p). Determine x(7).
4
Let h(t) = 36*t - t**3 - 123*t + 38*t + 0*t**3 - 144 + 43*t - 27*t**2. Determine h(-27).
18
Let d(n) = 200 - 138567*n - 138575*n - 19 + 277103*n. What is d(5)?
-14
Let u(s) = -6*s - 25. Let b = -1554 - -1551. Calculate u(b).
-7
Suppose -20 = 9*s - 56. Suppose 4*c - 38 = -w, -s*c = c - w - 43. Let g(z) = z**3 - 10*z**2 + 10*z. What is g(c)?
9
Let b(q) = -q**2 + q + 12. Let s = 403 - 753. Let t be 2/(-7) - 2200/s. What is b(t)?
-18
Let k be (-112)/32*(46/(-7) - -2). Let n(v) = -v**2 + 15*v + 23. Give n(k).
7
Let k be (-1 - -3) + -1*1. Suppose k + 1 = 3*u - 4*b, 5*u - 3*b = 18. Let d(o) = 166 + o**2 + 142 + 0*o**2 + 168 - 468 - 9*o. What is d(u)?
-10
Let m be (-3 + 1 + -1)*(1 + (-15)/9). Let d(j) be the first derivative of -17*j + 16 + 1/2*j**m. Determine d(7).
-10
Let c(r) = r**2 + 4*r + 5. Let z be (-8)/(-10)*(12 - 517). Let x = z + 399. What is c(x)?
10
Let i(m) = 49*m - 208*m + 58*m + 51*m - 38 + 57*m. Calculate i(6).
4
Let i(r) = -3*r**2 - 5 + 4*r**2 - 2*r - 1. Let s be ((-3)/(-228)*38)/(4/(-96)*-2). Calculate i(s).
18
Let n(c) = -11*c - 53. Let h(s) = -3*s - 13. Let j(i) = -9*h(i) + 2*n(i). What is j(-5)?
-14
Suppose -5*z + 9 = -n, -89*n + 15 = -84*n - 5*z. Let d(x) = -x**2 - x - 3. Give d(n).
-45
Let c(r) = -16*r + 5361 - 10474 + 5310. What is c(12)?
5
Let y(t) = -t + 6. Let j(b) = b**3 - 52*b**2 + 149*b - 88. Let u be j(49). Determine y(u).
-4
Let u(v) be the first derivative of -v**3 + v**2 - 4*v + 2357. Calculate u(-2).
-20
Let m(o) = -72*o - 78*o + 407*o + 16 - 78*o - 75*o - 100*o. Suppose 0 = -k + f - 6, 2*k + 4*f + 1 = k. Calculate m(k).
-4
Suppose 826*n - 822*n - 48 = 0. Let d(s) = -s + 16 - 4*s**3 - 12*s**2 + 8*s**3 - 14 - 3*s**3. Determine d(n).
-10
Let l(h) = 4*h + 5. Let y = -15 + 24. Let p(m) = 12 + 21*m - 55*m**3 - 5*m + 54*m**3 + 7*m**2. Let b be p(y). Determine l(b).
-19
Let d(f) = -f**2. Let t(w) be the first derivative of w**4/4 + 11*w**3/3 + 10*w**2 + 20*w - 62. Let q be t(-9). Give d(q).
-4
Let s(n) = -4*n. Let c(g) = 3*g + 5. Let x be c(0). Let f be 15/(-3) - (101 - x). Let o = f + 99. Give s(o).
8
Let x(b) be the first derivative of -b**4/4 + 61*b**3/3 - 59*b**2 + 3*b - 2039. Calculate x(59).
3
Let t be (-2 - 12/(-9)) + (-40)/(-6). Let f(l) = -l - 1. Let h(u) = -89*u + 7 + 92*u - 2 + 2. Let x(c) = 4*f(c) + h(c). Determine x(t).
-3
Let b(w) = w**3 + 28*w**2 - 1. Suppose -142 = 5*r - r + 5*x, 108 = -3*r - 4*x. Give b(r).
-1
Let k(h) = 3*h - 11. Let n(r) = 2*r - 5. Let b(l) = 6*k(l) - 10*n(l). Let j be b(-16). Suppose j = 3*p + 1. Let t(u) = -u + 10. Give t(p).
5
Let n(o) = -26*o**3 + 23*o**2 + 20*o + 11. Let f(t) = 22*t**3 - 21*t**2 - 18*t - 10. Let c(k) = -6*f(k) - 5*n(k). What is c(6)?
17
Suppose -70*r + 254 = 57*r. Let l(t) be the first derivative of 27 + 6*t**r - 1/3*t**3 - 12*t. Calculate l(8).
20
Suppose 4*g = i - 12, 4*i - 3*g - 25 = -16. Let b(x) be the second derivative of -1/12*x**4 + 10*x + 2/3*x**3 + 3*x**2 + i. Give b(6).
-6
Let u = 40 + -48. Let f(l) = -3*l**3 + 4*l**2 - 5*l - 6. Let p(h) = 8*h**3 - 13*h**2 + 14*h + 18. Let m(d) = -11*f(d) - 4*p(d). What is m(u)?
2
Let p(s) = 3 - 16862*s + 33508*s - 16767*s. Give p(0).
3
Let a(s) = 24*s - 144. Let i be a(6). Let t(o) be the second derivative of -4*o**2 - 1/6*o**3 - 11*o + i. Determine t(-4).
-4
Let b(m) be the third derivative of -m**6/360 - m**5/30 - m**4/8 + 83*m**3/3 - 4*m**2 + 18*m. Let o(l) be the first derivative of b(l). What is o(4)?
-35
Let c(u) be the second derivative of -5*u**3/6 + 12*u**2 + 2435*u. Give c(5).
-1
Let s(d) be the first derivative of -8*d**2 + 6*d - 1100. Give s(1).
-10
Suppose 0 = 4*y - 7*y - 4*s + 23, 0 = 5*y + 3*s - 31. Let i(v) be the second derivative of 5/12*v**4 + v - 5/2*v**2 + 1/6*v**3 - 1/20*v**5 - 40. Calculate i(y).
0
Let k = 275 - 191. Let u(y) = -26*y + k*y - 5 - 30*y - 27*y. Calculate u(11).
6
Let i(d) be the third derivative of d**5/120 - d**4/12 - 20*d**3/3 + 3*d**2 + 10. Let b(n) be the first derivative of i(n). Give b(-4).
-6
Let k be 4/26 - 88/(-104). Let n(h) = -111 + 3*h - 115 + 437 - 109 - 104. Calculate n(k).
1
Let l(v) = 5*v**3 + 21*v**2 + 3*v + 15. Let x(r) = 7*r**3 + 23*r**2 + r + 6. Let k(n) = -3*l(n) + 2*x(n). Give k(-16).
-177
Let d(y) = -54*y - 23. Let q(x) = -46*x - 23. Let v(i) = 5*d(i) - 6*q(i). Determine v(-6).
-13
Let p(i) = -3*i**2 + 49*i + 28. Let l(v) = -2*v**2 + 31*v + 18. Let q(a) = -8*l(a) + 5*p(a). Give q(3).
-4
Let n(r) = -r + 3. Let s(m) = 4*m - 10. Let z(d) = 21*n(d) + 6*s(d). Suppose -762 = 181*o + 208 - 65. Determine z(o).
-12
Let m(i) = 56*i**3 - i - 58*i**3 + 4*i**2 - 1 + i. Let q = -28 + 33. Suppose 0 = -5*c + q + 10. What is m(c)?
-19
Let u(z) = -z - 2*z - 5*z**3 - 427 - 5*z**3 + 429. What is u(1)?
-11
Let j(b) be the third derivative of -b**6/120 + b**5/15 + 5*b**4/8 - 15*b**3/2 + b**2 - 4*b. What is j(3)?
9
Suppose 5*r + m + 18 = 238, 0 = -3*r - 5*m + 110. Suppose -11*w = -8*w - 3*h - r, 3*w - h - 37 = 0. Let f(p) = -p**2 - 4 + 10 + 5*p - 2 - w. What is f(5)?
-7
Let h(x) = 19 + 6*x - 2*x**2 - 14 + 3*x**2. Suppose -7*w - 41 + 20 = 0. Give h(w).
-4
Let g(h) = h**2 + 10*h + 1. Suppose -4*n = -2*s + 24, s - n = -0*s + 8. Suppose q = -5*c - 36 - 10, 6 = c + s*q. What is g(c)?
1
Let g be ((-232155)/(-3015))/((1 + 6)*1). Let i(r) = -r**2 - 7*r + 1. Let p be i(-6). Let u(a) = 12*a + a**3 - p - 12*a**2 - 4 - 1. Determine u(g).
-1
Let q(x) = x - 2. Suppose -3*r = 2*y + 5, y - 5*r = -r + 25. Let s(t) = 6*t - 23. Let c(d) = y*q(d) - s(d). What is c(12)?
1
Let w(f) = 5*f**2 + 3*f + 3. Suppose -7*v - 155 = 5*t - 12*v, 0 = -4*t - 2*v - 142. Let a be (51/t)/((-2)/8 + 1). Determine w(a).
17
Let q(h) = -3*h**2 - 2*h + 1. Let s(k) = 2*k**2 + 2*k - 2. Let l(w) = q(w) + 2*s(w). Determine l(-4).
5
Suppose -142 = 2*h - 162. Let v(j) = -39 - 5*j + 11 + 17 + h. What is v(-1)?
4
Suppose 0 = -h + f + 3, f = -3*h - 0 - 3. Suppose h = -15*z + 19*z + 320. Let w = z + 83. Let b(t) = -t**3 + 2*t**2 + 5*t - 3. Give b(w).
3
Let x(j) = j + 6. Let o be -14 + (-3 - 0) - -3. Let d = 21 + o. Let m = -1 - d. What is x(m)?
-2
Let a(t) = 3*t**2 - 18*t - 13. Suppose -7*p + 17 = -6*p - 2*j, 0 = -5*p + 5*j + 60. Give a(p).
8
Let k(x) = 4*x**2 - 2*x - 4. Let w(z) = -3*z**2 + 3*z + 5. Let j(p) = 2*k(p) + 3*w(p). Suppose 5*u + 8 = 3*q, 7224 = -u - 4*q + 7273. What is j(u)?
7
Let c(i) = -2*i**3 - 5*i**2 + 3*i + 3. Suppose -21 = -h + 5*u, 2*u = h - 4 - 2. Determine c(h).
39
Let p be (7 - (-4 + 4)) + -4. Let d(f) = 4*f**2 + f - 3. Give d(p).
36
Let k(j) = -2*j**2 - 2*j + 46. Let q be (-4)/34 + ((-168)/17 - -5). Determine k(q).
6
Let s(b) = 219*b**2 + 208*b**2 - 635*b**2 + 207*b**2 + 35 + 13*b. Calculate s(15).
5
Let k(j) be the first derivative of -j**4/2 - 22*j**3/3 + j**2 + 10*j + 4883. Give k(-11).
-12
Let j(y) be the second derivative of -y**4/12 + 11*y**3/6 + 18*y**2 - 1392*y. Give j(16).
-44
Let z(n) = 11*n + 1162. Let k be z(-107). Let h(d) = -d + 5. Calculate h(k).
20
Let a(i) = -298 + 4*i - 2*i + 7*i + 14*i + 40. Give a(11).
-5
Suppose i + 2*n - 1 = 0, 16 = -i + 5*i + 4*n. Let r be 96/(-56)*i/(-2). Let v(q) = 2*q + 3*q**2 - 8*q - 2*q**2. Determine v(r).
0
Let w(m) 